 hundreds digit of f?
6
Suppose 14*g + 265650 = 43*g + 13*g. What is the units digit of g?
5
Suppose -102 = -2*m - 4*n, -186 = -4*m - 6*n + 7*n. Let o = 186 - m. What is the hundreds digit of o?
1
Let o = 57 - 53. Suppose 4*s = -o, 2*m - 567 = 5*s + 404. What is the tens digit of m?
8
Let t(r) = -r**3 - 12*r**2 - 12*r - 17. Let d be t(-11). Let h = -1 - d. Suppose -160 = -h*l + 190. What is the units digit of l?
0
Suppose 0 = 4*x + 3 + 21. Let o(h) = -h**3 - 14*h**2 - 12*h + 10. Let m be o(-13). What is the units digit of ((-20)/x)/(-5) + (-272)/m?
0
Let q(a) = 38*a**2 - 24*a + 36. What is the units digit of q(-25)?
6
Let t be (-8)/(-24) + 3 + (-7054)/(-6). Let u = t + -169. What is the tens digit of u?
1
Suppose -578*k + 582*k - 147220 = 0. What is the ten thousands digit of k?
3
Let a(w) = -60*w**3 + w**2 + 2*w + 1. Let j(p) be the first derivative of p**3/3 - p**2 - 9*p - 24. Let d be j(4). What is the units digit of a(d)?
0
Let s = 25160 + -10822. What is the thousands digit of s?
4
Let y(a) = 2*a**2 + a - 1. Let r(i) = -6*i**2 + 5*i - 62. Let n(u) = r(u) + 4*y(u). What is the tens digit of n(12)?
3
Let z(q) = -3*q**2 - 11*q - 57. Let y be z(-5). Let o = 511 + y. What is the units digit of o?
4
Suppose -34*z = -l - 39*z + 117, 0 = 2*z. Suppose -3*b = -5*i + 6444, 3852 = l*i - 114*i + 3*b. What is the tens digit of i?
8
Let x(h) = h**2 + 11*h + 17. Let u be x(5). Suppose 2*v + 23 - u = 0. What is the tens digit of v?
3
Let b(y) = 31*y - 27*y**3 - 15 + 10*y**3 + 5 - 8*y**2 + 16*y**3. What is the units digit of b(-13)?
2
Let l be -9 - (-13 + (-24)/(-8)). What is the units digit of 837 - (l - (-5)/(-20))*-4?
0
Let v = 42737 + 746. What is the thousands digit of v?
3
Let p = 41 + -21. Let c = p - 13. Suppose -c = -b + 31. What is the tens digit of b?
3
Suppose 0 = 8*x - 54*x - 23*x + 3456624. What is the ten thousands digit of x?
5
Let a(t) = -8*t - 15. Let f be a(-2). Let u be 96/9 + -2*f/(-6). Suppose u*w + 2670 = 21*w. What is the hundreds digit of w?
2
Suppose -4*d - 4*f + 2876 = 0, 3*d = 7*f - 3*f + 2164. Let n = -468 + d. What is the units digit of n?
2
Suppose 25*a = -70*a - 219*a + 29571264. What is the thousands digit of a?
4
Suppose 3994 = 6*r - 127352. What is the ten thousands digit of r?
2
Let h(q) = q**3 + 3*q**2. Let z be h(-3). Suppose c - 380 = -5*o + 4*c, -3*c - 15 = z. Suppose l - 2*g = g + o, -10 = -2*g. What is the tens digit of l?
8
Let q(s) = -9*s**2 - 73. Let y be q(-7). Let a = 1086 + y. What is the units digit of a?
2
Suppose 48 = -3*z + 15*z. Suppose -207 = -z*t - 243. What is the tens digit of 2*(-66)/(-2)*t/(-3)?
9
Let g = 99 + -498. Let x = g - -717. Suppose -8*o + 2*o = -x. What is the tens digit of o?
5
Let w(s) = s**3 + 15*s**2 + 40*s + 8. Let j be w(-11). Let x = j - -142. What is the tens digit of x?
9
Let w be -1*(1 + 20) - (1 + 2). Let k = w - -29. Suppose -k*p - 4*y + 551 = 0, y + y - 8 = 0. What is the tens digit of p?
0
Let v = 4092 - -10465. What is the units digit of v?
7
Let w(s) = 384*s + 335. What is the thousands digit of w(41)?
6
Let c = -220 - -217. What is the tens digit of (-3 - 392/c)/(1/3)?
8
Let b = 49073 + -17158. What is the thousands digit of b?
1
What is the units digit of 1/1*599 - 36/45*-5?
3
Suppose 4*u + 5*i - 3525 = 0, -2*u - 1740 = -4*u + 2*i. Let s = -413 + u. What is the hundreds digit of s?
4
Let u be (-11)/(11/4) + 9 + 0. What is the units digit of 2 + u + 48 - 8?
7
Let r(c) = -23*c**3 - 14*c**2 - 43*c - 136. What is the ten thousands digit of r(-9)?
1
Let s(o) = -125*o + 1438. What is the tens digit of s(-11)?
1
Let r be 3/(-15) - (-170)/(-25) - 2. Let n be r/(-18)*(-1 - -1). Suppose -3*c - 4*z + 544 = 0, n = 3*c - 8*z + 3*z - 562. What is the hundreds digit of c?
1
Let f = 3167 - -56536. What is the thousands digit of f?
9
Let r = 18346 + -11495. What is the thousands digit of r?
6
Let k(j) = 52*j**2 - 86*j - 67. What is the tens digit of k(-41)?
7
Suppose -4*q = -4*h - 0*h - 40, 3*q - 34 = 4*h. Let m be (q/9)/(8/48). Suppose 2*t = -3*u + 13, 3*t = -4*u + 26 - m. What is the units digit of t?
4
Let t be 9/(36/(-8)) - -336. Let f = 735 - t. Let p = -276 + f. What is the units digit of p?
5
Suppose -3*u = -5*s - 16, 6*u - 11*u = 2*s - 6. What is the units digit of 31/((-25)/15 - s)?
3
Suppose 5*t - 1375 - 612 = 2*n, -2*n = -4*t + 1588. Let u be (2 + -10 + 6)*241/2. Let i = t + u. What is the units digit of i?
8
Suppose -5*f = 3*n - 49, -2 = -3*n + 7. Let r be (-4)/10 + f/20. Suppose 13*p = -r*p + 2990. What is the units digit of p?
0
Suppose 0 = -108*u + 235234 + 949958. What is the ten thousands digit of u?
1
Suppose 0 = 104*g - 97*g - 23604 - 41307. What is the thousands digit of g?
9
Let k(d) = -14*d**2 + 3*d + 2. Let w be k(-1). Let b = w + 19. Suppose -4*u - b*g = -692, -4*u + 656 = -g - 4*g. What is the units digit of u?
9
Let b be (5/4)/(8/64). Suppose 4*n + 2220 = b*n. Suppose 23*h = 21*h + n. What is the hundreds digit of h?
1
Let m(t) = -7*t**2 + 16*t + 22. Let h(x) = 4*x**2 - 8*x - 11. Let g(v) = -5*h(v) - 3*m(v). Let y(d) = 31*d + 87. Let a be y(-3). What is the tens digit of g(a)?
7
Suppose -94 = -5*d + 296. Let q = d - 74. Suppose -q*x = 226 - 658. What is the tens digit of x?
0
Let y = 49016 + -7669. What is the ten thousands digit of y?
4
Let d = 32235 - 16219. What is the tens digit of d?
1
Let k = -79 + 85. Suppose -660 = k*m - 11*m. What is the tens digit of m?
3
Suppose -3*y = 5*q - 196421, q + 12*y - 39275 = 16*y. What is the units digit of q?
3
Suppose 64*b - 75*b + 75988 = 0. What is the thousands digit of b?
6
Suppose 320 = 4*g + 80. Suppose 0 = t - 2*z + 4, t + 4 = -z + 9. Suppose -t*s = -5*s + g. What is the units digit of s?
0
Suppose -4748 = -2*z - 3*j, z - 3*j - 514 - 1878 = 0. Let q = z - 1429. What is the tens digit of q?
5
Let u = 20034 - 15374. What is the tens digit of u?
6
Let u(d) = -d**3 + 5*d**2 + 2*d - 24. Let z be u(4). Suppose i - 5*h - 34 = z, -2*i + h + 68 = 6*h. What is the units digit of i?
4
Let s be (-137)/(-2)*-12*8/(-4). Suppose -11*c + s = -9*c. Suppose 232 = -5*k + c. What is the units digit of k?
8
Let h = 58 - 53. What is the units digit of h/4*(-31296)/(-48)?
5
Let t be 4 + 3 - (-6)/((-4)/2). Suppose t*u = 3 + 17. Suppose 381 = 3*a - 3*k, 3*a + k - 380 = u*k. What is the tens digit of a?
2
Suppose 7*q = 10*q - 9, -3*g = 5*q + 129. Let t = g - -231. What is the hundreds digit of t?
1
Let a = -186 + -4. Let u = a - -480. What is the units digit of u?
0
Suppose o + 3*d = 8588, -4*d = -80*o + 81*o - 8583. What is the hundreds digit of o?
6
Let h(d) = d**3 + 34*d**2 + 23*d - 58. Let y = 604 - 637. What is the units digit of h(y)?
2
Let k = -640 + 674. Suppose -c + 2*b = -k - 43, 3*c - 239 = 2*b. What is the units digit of c?
1
Suppose -2*n - 4 = 0, p - 4*p + 2*n = 5. What is the hundreds digit of p - (195/10)/((-3)/28)?
1
Let t be (-4 + 3)*1*618. Let p = t - -416. What is the hundreds digit of p/(-6)*(1 + (-6)/(-3))?
1
Let f = -983 + 2603. What is the thousands digit of f?
1
Suppose 0 = 2*i - 2 - 2. Suppose -g - 3*p = i*p - 19, 0 = 3*g - 4*p. What is the tens digit of 118/4 - (g - 21/6)?
2
Let r(j) = -6*j**2 + 20*j - 51. Let a be r(15). Let b = a - -1607. What is the tens digit of b?
0
Let u = 2186 + -1286. Let x = -588 + u. What is the tens digit of x?
1
Let k be (-2061)/2*(-324)/(-243). Let x = k - -2017. What is the hundreds digit of x?
6
Let c(r) = -6*r**3 + 162*r**2 + 26*r + 3. What is the units digit of c(24)?
5
Let j(n) be the third derivative of -5*n**4/12 + 5*n**3/2 + 2290*n**2. Let h(s) = -5*s**2 + 3*s + 3. Let w be h(-2). What is the units digit of j(w)?
5
Let q(v) = 3*v + 39. Let y be q(-8). Let g = -7 - -17. What is the units digit of (24/g)/(y/150)?
4
Let l(f) = -68*f + 38. Let p be l(-5). Suppose 0 = -3*j - 5*d + p, 0 = -5*j + 7*d - 3*d + 667. Suppose 0 = 2*t - 49 - j. What is the units digit of t?
0
Suppose -5*d - u + 514393 - 104337 = 0, -2*d + 164008 = 2*u. What is the tens digit of d?
1
Suppose -4*f = 2*n - 10, f - 2*f + 20 = 3*n. Let x(c) = -5*c**2 + 19*c - 14*c**2 + 9 - c**3 + n. What is the units digit of x(-20)?
6
Let n be (-4)/(-10) - (-11298)/105. Let g = n + -58. Suppose 5*w + 2*s - 3*s = 269, -g = -w + 4*s. What is the tens digit of w?
5
Let z(u) = -4*u + 30. Let q be z(7). Suppose x + 2*l = 221, q*